{"id":499,"date":"2024-07-29T15:05:42","date_gmt":"2024-07-29T12:05:42","guid":{"rendered":"https:\/\/spotesya.com\/ikinciel\/?post_type=product&#038;p=499"},"modified":"2024-07-29T15:05:42","modified_gmt":"2024-07-29T12:05:42","slug":"ikinci-el-kamyon-is-makinesi-midibus-koltuklari-saglam-yirtiksiz-cikma-arac-koltugu","status":"publish","type":"product","link":"https:\/\/spotesya.com\/ikinciel\/urun\/ikinci-el-kamyon-is-makinesi-midibus-koltuklari-saglam-yirtiksiz-cikma-arac-koltugu\/","title":{"rendered":"\u0130kinci el kamyon, i\u015f makinesi midib\u00fcs koltuklar\u0131 sa\u011flam y\u0131rt\u0131ks\u0131z \u00e7\u0131kma ara\u00e7 koltu\u011fu"},"content":{"rendered":"<p><img loading=\"lazy\" decoding=\"async\" class=\"aligncenter size-full wp-image-500\" src=\"https:\/\/spotesya.com\/ikinciel\/wp-content\/uploads\/2024\/07\/Ikinci-el-kamyon-is-makinesi-midibus-koltuklari-2.png\" alt=\"\" width=\"1042\" height=\"629\" title=\"\" srcset=\"https:\/\/spotesya.com\/ikinciel\/wp-content\/uploads\/2024\/07\/Ikinci-el-kamyon-is-makinesi-midibus-koltuklari-2.png 1042w, https:\/\/spotesya.com\/ikinciel\/wp-content\/uploads\/2024\/07\/Ikinci-el-kamyon-is-makinesi-midibus-koltuklari-2-300x181.png 300w, https:\/\/spotesya.com\/ikinciel\/wp-content\/uploads\/2024\/07\/Ikinci-el-kamyon-is-makinesi-midibus-koltuklari-2-1024x618.png 1024w, https:\/\/spotesya.com\/ikinciel\/wp-content\/uploads\/2024\/07\/Ikinci-el-kamyon-is-makinesi-midibus-koltuklari-2-768x464.png 768w, https:\/\/spotesya.com\/ikinciel\/wp-content\/uploads\/2024\/07\/Ikinci-el-kamyon-is-makinesi-midibus-koltuklari-2-600x362.png 600w\" sizes=\"auto, (max-width: 1042px) 100vw, 1042px\" \/> <img loading=\"lazy\" decoding=\"async\" class=\"aligncenter size-full wp-image-501\" src=\"https:\/\/spotesya.com\/ikinciel\/wp-content\/uploads\/2024\/07\/Ikinci-el-kamyon-is-makinesi-midibus-koltuklari-1.png\" alt=\"\" width=\"1036\" height=\"628\" title=\"\" srcset=\"https:\/\/spotesya.com\/ikinciel\/wp-content\/uploads\/2024\/07\/Ikinci-el-kamyon-is-makinesi-midibus-koltuklari-1.png 1036w, https:\/\/spotesya.com\/ikinciel\/wp-content\/uploads\/2024\/07\/Ikinci-el-kamyon-is-makinesi-midibus-koltuklari-1-300x182.png 300w, https:\/\/spotesya.com\/ikinciel\/wp-content\/uploads\/2024\/07\/Ikinci-el-kamyon-is-makinesi-midibus-koltuklari-1-1024x621.png 1024w, https:\/\/spotesya.com\/ikinciel\/wp-content\/uploads\/2024\/07\/Ikinci-el-kamyon-is-makinesi-midibus-koltuklari-1-768x466.png 768w, https:\/\/spotesya.com\/ikinciel\/wp-content\/uploads\/2024\/07\/Ikinci-el-kamyon-is-makinesi-midibus-koltuklari-1-600x364.png 600w\" sizes=\"auto, (max-width: 1036px) 100vw, 1036px\" \/><\/p>\n","protected":false},"excerpt":{"rendered":"<p>\u0130kinci el kamyon, \u00c7IKMA ARA\u00c7 KOLTUKLARI KAMPANYA  i\u015f makinesi midib\u00fcs koltuklar\u0131 Minib\u00fcs \u0130\u015f Makinesi Kep\u00e7eli Kamyon 26. 2. YILDIRIM OYUNCAK ikinci el ara\u00e7, Via Kamyon sitesi \u00fczerinde 193 adet sat\u0131l\u0131k minib\u00fcs ilan\u0131 \u0130\u015e MAK\u0130NELER\u0130 (TOPRAK, M\u0130NERAL VE CEVHER \u0130\u015eLEME). 84,29. Kendinden hareketli  al\u0131m\u0131, geni\u015f se\u00e7enekler i\u00e7inden minib\u00fcs \u0130kinci el arac\u0131n\u0131z\u0131 bulun.<\/p>\n","protected":false},"featured_media":500,"template":"","meta":[],"product_brand":[],"product_cat":[15,31],"product_tag":[],"class_list":{"0":"post-499","1":"product","2":"type-product","3":"status-publish","4":"has-post-thumbnail","6":"product_cat-ikinci-el-esya","7":"product_cat-ikinci-el-is-makineleri","9":"first","10":"instock","11":"sale","12":"shipping-taxable","13":"purchasable","14":"product-type-simple"},"_links":{"self":[{"href":"https:\/\/spotesya.com\/ikinciel\/wp-json\/wp\/v2\/product\/499","targetHints":{"allow":["GET"]}}],"collection":[{"href":"https:\/\/spotesya.com\/ikinciel\/wp-json\/wp\/v2\/product"}],"about":[{"href":"https:\/\/spotesya.com\/ikinciel\/wp-json\/wp\/v2\/types\/product"}],"wp:featuredmedia":[{"embeddable":true,"href":"https:\/\/spotesya.com\/ikinciel\/wp-json\/wp\/v2\/media\/500"}],"wp:attachment":[{"href":"https:\/\/spotesya.com\/ikinciel\/wp-json\/wp\/v2\/media?parent=499"}],"wp:term":[{"taxonomy":"product_brand","embeddable":true,"href":"https:\/\/spotesya.com\/ikinciel\/wp-json\/wp\/v2\/product_brand?post=499"},{"taxonomy":"product_cat","embeddable":true,"href":"https:\/\/spotesya.com\/ikinciel\/wp-json\/wp\/v2\/product_cat?post=499"},{"taxonomy":"product_tag","embeddable":true,"href":"https:\/\/spotesya.com\/ikinciel\/wp-json\/wp\/v2\/product_tag?post=499"}],"curies":[{"name":"wp","href":"https:\/\/api.w.org\/{rel}","templated":true}]}}