{"id":502,"date":"2024-07-29T15:10:15","date_gmt":"2024-07-29T12:10:15","guid":{"rendered":"https:\/\/spotesya.com\/ikinciel\/?post_type=product&#038;p=502"},"modified":"2024-07-29T15:10:15","modified_gmt":"2024-07-29T12:10:15","slug":"cikma-sac-ondulin-yamuk-degildir-saglam-kaliteli-ucuz-cati-saci","status":"publish","type":"product","link":"https:\/\/spotesya.com\/ikinciel\/urun\/cikma-sac-ondulin-yamuk-degildir-saglam-kaliteli-ucuz-cati-saci\/","title":{"rendered":"\u00c7\u0131kma sac ondulin yamuk de\u011fildir sa\u011flam kaliteli ucuz \u00e7at\u0131 sac\u0131"},"content":{"rendered":"<p><img loading=\"lazy\" decoding=\"async\" src=\"https:\/\/spotesya.com\/ikinciel\/wp-content\/uploads\/2024\/07\/Cikma-sac-ondulin-2.png\" alt=\"\" width=\"1059\" height=\"612\" class=\"aligncenter size-full wp-image-503\" title=\"\" srcset=\"https:\/\/spotesya.com\/ikinciel\/wp-content\/uploads\/2024\/07\/Cikma-sac-ondulin-2.png 1059w, https:\/\/spotesya.com\/ikinciel\/wp-content\/uploads\/2024\/07\/Cikma-sac-ondulin-2-300x173.png 300w, https:\/\/spotesya.com\/ikinciel\/wp-content\/uploads\/2024\/07\/Cikma-sac-ondulin-2-1024x592.png 1024w, https:\/\/spotesya.com\/ikinciel\/wp-content\/uploads\/2024\/07\/Cikma-sac-ondulin-2-768x444.png 768w, https:\/\/spotesya.com\/ikinciel\/wp-content\/uploads\/2024\/07\/Cikma-sac-ondulin-2-600x347.png 600w\" sizes=\"auto, (max-width: 1059px) 100vw, 1059px\" \/><\/p>\n<p><img loading=\"lazy\" decoding=\"async\" src=\"https:\/\/spotesya.com\/ikinciel\/wp-content\/uploads\/2024\/07\/Cikma-sac-ondulin-3.png\" alt=\"\" width=\"1040\" height=\"598\" class=\"aligncenter size-full wp-image-504\" title=\"\" srcset=\"https:\/\/spotesya.com\/ikinciel\/wp-content\/uploads\/2024\/07\/Cikma-sac-ondulin-3.png 1040w, https:\/\/spotesya.com\/ikinciel\/wp-content\/uploads\/2024\/07\/Cikma-sac-ondulin-3-300x173.png 300w, https:\/\/spotesya.com\/ikinciel\/wp-content\/uploads\/2024\/07\/Cikma-sac-ondulin-3-1024x589.png 1024w, https:\/\/spotesya.com\/ikinciel\/wp-content\/uploads\/2024\/07\/Cikma-sac-ondulin-3-768x442.png 768w, https:\/\/spotesya.com\/ikinciel\/wp-content\/uploads\/2024\/07\/Cikma-sac-ondulin-3-600x345.png 600w\" sizes=\"auto, (max-width: 1040px) 100vw, 1040px\" \/><\/p>\n<p><img loading=\"lazy\" decoding=\"async\" src=\"https:\/\/spotesya.com\/ikinciel\/wp-content\/uploads\/2024\/07\/Cikma-sac-ondulin-4.png\" alt=\"\" width=\"1032\" height=\"601\" class=\"aligncenter size-full wp-image-505\" title=\"\" srcset=\"https:\/\/spotesya.com\/ikinciel\/wp-content\/uploads\/2024\/07\/Cikma-sac-ondulin-4.png 1032w, https:\/\/spotesya.com\/ikinciel\/wp-content\/uploads\/2024\/07\/Cikma-sac-ondulin-4-300x175.png 300w, https:\/\/spotesya.com\/ikinciel\/wp-content\/uploads\/2024\/07\/Cikma-sac-ondulin-4-1024x596.png 1024w, https:\/\/spotesya.com\/ikinciel\/wp-content\/uploads\/2024\/07\/Cikma-sac-ondulin-4-768x447.png 768w, https:\/\/spotesya.com\/ikinciel\/wp-content\/uploads\/2024\/07\/Cikma-sac-ondulin-4-600x349.png 600w\" sizes=\"auto, (max-width: 1032px) 100vw, 1032px\" \/><\/p>\n<p><img loading=\"lazy\" decoding=\"async\" src=\"https:\/\/spotesya.com\/ikinciel\/wp-content\/uploads\/2024\/07\/Cikma-sac-ondulin-1.png\" alt=\"\" width=\"1035\" height=\"601\" class=\"aligncenter size-full wp-image-506\" title=\"\" srcset=\"https:\/\/spotesya.com\/ikinciel\/wp-content\/uploads\/2024\/07\/Cikma-sac-ondulin-1.png 1035w, https:\/\/spotesya.com\/ikinciel\/wp-content\/uploads\/2024\/07\/Cikma-sac-ondulin-1-300x174.png 300w, https:\/\/spotesya.com\/ikinciel\/wp-content\/uploads\/2024\/07\/Cikma-sac-ondulin-1-1024x595.png 1024w, https:\/\/spotesya.com\/ikinciel\/wp-content\/uploads\/2024\/07\/Cikma-sac-ondulin-1-768x446.png 768w, https:\/\/spotesya.com\/ikinciel\/wp-content\/uploads\/2024\/07\/Cikma-sac-ondulin-1-600x348.png 600w\" sizes=\"auto, (max-width: 1035px) 100vw, 1035px\" \/><\/p>\n","protected":false},"excerpt":{"rendered":"<p>\u00c7\u0131kma sac ondulin 4 CM 0,30 SAC KALINLI\u011eI \u0130LE SANDV\u0130\u00c7 \u00c7ATI PANEL\u0130 \u00c7\u0131kma Ondulin sa\u00e7 montaj\u0131m\u0131z ba\u015far\u0131l\u0131 bir \u015fekilde teslim edildi. Hay\u0131rl\u0131 olsun Sahibinden \u00e7\u0131kma ondulin 2.el \u00e7at\u0131 sac\u0131 fiyatlar\u0131 sahibinden 2.el sandvi\u00e7 panel \u00c7at\u0131 sac\u0131 tabakas\u0131 ka\u00e7 para? <strong>Tavan sac\u0131 fiyatlar\u0131 ne kadar? 6 metrelik \u00e7at\u0131<\/strong> sac\u0131 ka\u00e7 para?<\/p>\n","protected":false},"featured_media":504,"template":"","meta":[],"product_brand":[],"product_cat":[15],"product_tag":[],"class_list":{"0":"post-502","1":"product","2":"type-product","3":"status-publish","4":"has-post-thumbnail","6":"product_cat-ikinci-el-esya","8":"first","9":"instock","10":"sale","11":"shipping-taxable","12":"purchasable","13":"product-type-simple"},"_links":{"self":[{"href":"https:\/\/spotesya.com\/ikinciel\/wp-json\/wp\/v2\/product\/502","targetHints":{"allow":["GET"]}}],"collection":[{"href":"https:\/\/spotesya.com\/ikinciel\/wp-json\/wp\/v2\/product"}],"about":[{"href":"https:\/\/spotesya.com\/ikinciel\/wp-json\/wp\/v2\/types\/product"}],"wp:featuredmedia":[{"embeddable":true,"href":"https:\/\/spotesya.com\/ikinciel\/wp-json\/wp\/v2\/media\/504"}],"wp:attachment":[{"href":"https:\/\/spotesya.com\/ikinciel\/wp-json\/wp\/v2\/media?parent=502"}],"wp:term":[{"taxonomy":"product_brand","embeddable":true,"href":"https:\/\/spotesya.com\/ikinciel\/wp-json\/wp\/v2\/product_brand?post=502"},{"taxonomy":"product_cat","embeddable":true,"href":"https:\/\/spotesya.com\/ikinciel\/wp-json\/wp\/v2\/product_cat?post=502"},{"taxonomy":"product_tag","embeddable":true,"href":"https:\/\/spotesya.com\/ikinciel\/wp-json\/wp\/v2\/product_tag?post=502"}],"curies":[{"name":"wp","href":"https:\/\/api.w.org\/{rel}","templated":true}]}}