{"id":507,"date":"2024-08-02T16:07:43","date_gmt":"2024-08-02T13:07:43","guid":{"rendered":"https:\/\/spotesya.com\/ikinciel\/?post_type=product&#038;p=507"},"modified":"2024-08-02T16:07:43","modified_gmt":"2024-08-02T13:07:43","slug":"kullanilmis-antika-tarzinda-green-eskitme-vintage-desenli-ahsap-masa","status":"publish","type":"product","link":"https:\/\/spotesya.com\/ikinciel\/urun\/kullanilmis-antika-tarzinda-green-eskitme-vintage-desenli-ahsap-masa\/","title":{"rendered":"Kullan\u0131lm\u0131\u015f antika tarz\u0131nda green eskitme vintage desenli ah\u015fap masa"},"content":{"rendered":"<p><img loading=\"lazy\" decoding=\"async\" class=\"aligncenter size-full wp-image-508\" src=\"https:\/\/spotesya.com\/ikinciel\/wp-content\/uploads\/2024\/08\/green-eskitme-vintage-desenli-ahsap-masa-3.png\" alt=\"\" width=\"1184\" height=\"634\" title=\"\" srcset=\"https:\/\/spotesya.com\/ikinciel\/wp-content\/uploads\/2024\/08\/green-eskitme-vintage-desenli-ahsap-masa-3.png 1184w, https:\/\/spotesya.com\/ikinciel\/wp-content\/uploads\/2024\/08\/green-eskitme-vintage-desenli-ahsap-masa-3-300x161.png 300w, https:\/\/spotesya.com\/ikinciel\/wp-content\/uploads\/2024\/08\/green-eskitme-vintage-desenli-ahsap-masa-3-1024x548.png 1024w, https:\/\/spotesya.com\/ikinciel\/wp-content\/uploads\/2024\/08\/green-eskitme-vintage-desenli-ahsap-masa-3-768x411.png 768w, https:\/\/spotesya.com\/ikinciel\/wp-content\/uploads\/2024\/08\/green-eskitme-vintage-desenli-ahsap-masa-3-600x321.png 600w\" sizes=\"auto, (max-width: 1184px) 100vw, 1184px\" \/> <img loading=\"lazy\" decoding=\"async\" class=\"aligncenter size-full wp-image-509\" src=\"https:\/\/spotesya.com\/ikinciel\/wp-content\/uploads\/2024\/08\/green-eskitme-vintage-desenli-ahsap-masa-1.png\" alt=\"\" width=\"615\" height=\"630\" title=\"\" srcset=\"https:\/\/spotesya.com\/ikinciel\/wp-content\/uploads\/2024\/08\/green-eskitme-vintage-desenli-ahsap-masa-1.png 615w, https:\/\/spotesya.com\/ikinciel\/wp-content\/uploads\/2024\/08\/green-eskitme-vintage-desenli-ahsap-masa-1-293x300.png 293w, https:\/\/spotesya.com\/ikinciel\/wp-content\/uploads\/2024\/08\/green-eskitme-vintage-desenli-ahsap-masa-1-600x615.png 600w\" sizes=\"auto, (max-width: 615px) 100vw, 615px\" \/> <img loading=\"lazy\" decoding=\"async\" class=\"aligncenter size-full wp-image-510\" src=\"https:\/\/spotesya.com\/ikinciel\/wp-content\/uploads\/2024\/08\/green-eskitme-vintage-desenli-ahsap-masa-2.png\" alt=\"\" width=\"994\" height=\"632\" title=\"\" srcset=\"https:\/\/spotesya.com\/ikinciel\/wp-content\/uploads\/2024\/08\/green-eskitme-vintage-desenli-ahsap-masa-2.png 994w, https:\/\/spotesya.com\/ikinciel\/wp-content\/uploads\/2024\/08\/green-eskitme-vintage-desenli-ahsap-masa-2-300x191.png 300w, https:\/\/spotesya.com\/ikinciel\/wp-content\/uploads\/2024\/08\/green-eskitme-vintage-desenli-ahsap-masa-2-768x488.png 768w, https:\/\/spotesya.com\/ikinciel\/wp-content\/uploads\/2024\/08\/green-eskitme-vintage-desenli-ahsap-masa-2-600x381.png 600w\" sizes=\"auto, (max-width: 994px) 100vw, 994px\" \/><\/p>\n","protected":false},"excerpt":{"rendered":"<p><strong>green eskitme vintage desenli ah\u015fap masa Tasar\u0131m masa<\/strong> 38. 7.500 TL. Yemek Odas\u0131 Mobilyas\u0131 Modelleri, ikinci el ve s\u0131f\u0131r se\u00e7enekleri ve b\u00fct\u00e7enize uygun fiyat gegadekor. 40. Kullan\u0131lm\u0131\u015f &#8211; 120 x 69 x 73 cm Kullan\u0131lm\u0131\u015f. Leaf green eskitme vintage desenli ah\u015fap masa<\/p>\n","protected":false},"featured_media":508,"template":"","meta":[],"product_brand":[],"product_cat":[32],"product_tag":[38],"class_list":{"0":"post-507","1":"product","2":"type-product","3":"status-publish","4":"has-post-thumbnail","6":"product_cat-ikinci-el-mobilya","7":"product_tag-ikinci-el-masa-sandalye","9":"first","10":"instock","11":"sale","12":"shipping-taxable","13":"purchasable","14":"product-type-simple"},"_links":{"self":[{"href":"https:\/\/spotesya.com\/ikinciel\/wp-json\/wp\/v2\/product\/507","targetHints":{"allow":["GET"]}}],"collection":[{"href":"https:\/\/spotesya.com\/ikinciel\/wp-json\/wp\/v2\/product"}],"about":[{"href":"https:\/\/spotesya.com\/ikinciel\/wp-json\/wp\/v2\/types\/product"}],"wp:featuredmedia":[{"embeddable":true,"href":"https:\/\/spotesya.com\/ikinciel\/wp-json\/wp\/v2\/media\/508"}],"wp:attachment":[{"href":"https:\/\/spotesya.com\/ikinciel\/wp-json\/wp\/v2\/media?parent=507"}],"wp:term":[{"taxonomy":"product_brand","embeddable":true,"href":"https:\/\/spotesya.com\/ikinciel\/wp-json\/wp\/v2\/product_brand?post=507"},{"taxonomy":"product_cat","embeddable":true,"href":"https:\/\/spotesya.com\/ikinciel\/wp-json\/wp\/v2\/product_cat?post=507"},{"taxonomy":"product_tag","embeddable":true,"href":"https:\/\/spotesya.com\/ikinciel\/wp-json\/wp\/v2\/product_tag?post=507"}],"curies":[{"name":"wp","href":"https:\/\/api.w.org\/{rel}","templated":true}]}}