{"id":545,"date":"2024-09-30T09:20:07","date_gmt":"2024-09-30T06:20:07","guid":{"rendered":"https:\/\/spotesya.com\/ikinciel\/?post_type=product&#038;p=545"},"modified":"2024-09-30T09:20:07","modified_gmt":"2024-09-30T06:20:07","slug":"defolu-hali-spot-temiz-ve-duzgun-hali-parca-halilar","status":"publish","type":"product","link":"https:\/\/spotesya.com\/ikinciel\/urun\/defolu-hali-spot-temiz-ve-duzgun-hali-parca-halilar\/","title":{"rendered":"Defolu hal\u0131 spot temiz ve d\u00fczg\u00fcn hal\u0131 par\u00e7a hal\u0131lar"},"content":{"rendered":"","protected":false},"excerpt":{"rendered":"<p>defolu hal\u0131 spot Duvardan Duvara Hal\u0131da spot toptan ev ofis ve i\u015fyeri hal\u0131s\u0131 \u00fcr\u00fcnleri  S\u0131n\u0131rs\u0131z Outlet Hal\u0131 Modelleri, Seri Sonu ve \u0130hra\u00e7 Fazlas\u0131 Hal\u0131 Modelleri Burada ! T\u0131kla ve Outlet Hal\u0131lara Renk Se\u00e7enekleriyle ve Sitemizde defolu hal\u0131 sat\u0131\u015f\u0131 yoktur. Hal\u0131 fiyatlar\u0131m\u0131z fiya\u0131n\u0131n \u00e7ok uygun olmas\u0131 sebebi iel bu t\u00fcr Uygun Fiyat Hal\u0131 ve kilim modelleri ikinci el ve s\u0131f\u0131r se\u00e7enekleri ve b\u00fct\u00e7enize uygun Avantaj\u0131yla. Y\u00fczlerce desen ve bir \u00e7ok markayla \u00e7ok uygun fiyatlara hal\u0131 sat\u0131\u015f\u0131. Modern, Klasik rengarenk<\/p>\n","protected":false},"featured_media":546,"template":"","meta":[],"product_brand":[],"product_cat":[33],"product_tag":[],"class_list":{"0":"post-545","1":"product","2":"type-product","3":"status-publish","4":"has-post-thumbnail","6":"product_cat-spot-defolu-esya","8":"first","9":"instock","10":"sale","11":"shipping-taxable","12":"purchasable","13":"product-type-simple"},"_links":{"self":[{"href":"https:\/\/spotesya.com\/ikinciel\/wp-json\/wp\/v2\/product\/545","targetHints":{"allow":["GET"]}}],"collection":[{"href":"https:\/\/spotesya.com\/ikinciel\/wp-json\/wp\/v2\/product"}],"about":[{"href":"https:\/\/spotesya.com\/ikinciel\/wp-json\/wp\/v2\/types\/product"}],"wp:featuredmedia":[{"embeddable":true,"href":"https:\/\/spotesya.com\/ikinciel\/wp-json\/wp\/v2\/media\/546"}],"wp:attachment":[{"href":"https:\/\/spotesya.com\/ikinciel\/wp-json\/wp\/v2\/media?parent=545"}],"wp:term":[{"taxonomy":"product_brand","embeddable":true,"href":"https:\/\/spotesya.com\/ikinciel\/wp-json\/wp\/v2\/product_brand?post=545"},{"taxonomy":"product_cat","embeddable":true,"href":"https:\/\/spotesya.com\/ikinciel\/wp-json\/wp\/v2\/product_cat?post=545"},{"taxonomy":"product_tag","embeddable":true,"href":"https:\/\/spotesya.com\/ikinciel\/wp-json\/wp\/v2\/product_tag?post=545"}],"curies":[{"name":"wp","href":"https:\/\/api.w.org\/{rel}","templated":true}]}}