{"id":606,"date":"2025-12-09T11:10:35","date_gmt":"2025-12-09T08:10:35","guid":{"rendered":"https:\/\/spotesya.com\/ikinciel\/?post_type=product&#038;p=606"},"modified":"2025-12-09T11:10:35","modified_gmt":"2025-12-09T08:10:35","slug":"ikinci-el-bosch-ankastre-set-ocak-firin-davlumbaz","status":"publish","type":"product","link":"https:\/\/spotesya.com\/ikinciel\/urun\/ikinci-el-bosch-ankastre-set-ocak-firin-davlumbaz\/","title":{"rendered":"\u0130K\u0130NC\u0130 EL BOSCH ANKASTRE SET OCAK FIRIN DAVLUMBAZ"},"content":{"rendered":"<p><img loading=\"lazy\" decoding=\"async\" src=\"https:\/\/spotesya.com\/ikinciel\/wp-content\/uploads\/2025\/12\/IKINCI-EL-BOSCH-ANKASTRE-SET-OCAK-FIRIN-DAVLUMBAZ-2.png\" alt=\"\" width=\"1333\" height=\"912\" class=\"aligncenter size-full wp-image-609\" title=\"\" srcset=\"https:\/\/spotesya.com\/ikinciel\/wp-content\/uploads\/2025\/12\/IKINCI-EL-BOSCH-ANKASTRE-SET-OCAK-FIRIN-DAVLUMBAZ-2.png 1333w, https:\/\/spotesya.com\/ikinciel\/wp-content\/uploads\/2025\/12\/IKINCI-EL-BOSCH-ANKASTRE-SET-OCAK-FIRIN-DAVLUMBAZ-2-300x205.png 300w, https:\/\/spotesya.com\/ikinciel\/wp-content\/uploads\/2025\/12\/IKINCI-EL-BOSCH-ANKASTRE-SET-OCAK-FIRIN-DAVLUMBAZ-2-1024x701.png 1024w, https:\/\/spotesya.com\/ikinciel\/wp-content\/uploads\/2025\/12\/IKINCI-EL-BOSCH-ANKASTRE-SET-OCAK-FIRIN-DAVLUMBAZ-2-768x525.png 768w, https:\/\/spotesya.com\/ikinciel\/wp-content\/uploads\/2025\/12\/IKINCI-EL-BOSCH-ANKASTRE-SET-OCAK-FIRIN-DAVLUMBAZ-2-600x411.png 600w\" sizes=\"auto, (max-width: 1333px) 100vw, 1333px\" \/><\/p>\n","protected":false},"excerpt":{"rendered":"<p>\u0130K\u0130NC\u0130 EL BOSCH ANKASTRE SET OCAK FIRIN DAVLUMBAZ 2.el ozenle kullanilmis tertemiz t\u00fcm fonksiyonlar\u0131 sorunsuz \u00e7al\u0131\u015fmaktad\u0131r<\/p>\n<p>d\u00f6k\u00fcm izgara ozelligi<\/p>\n<p>WOKLU h\u0131zl\u0131 pi\u015firme g\u00f6zl\u00fc<\/p>\n<p>9 kademeli gaz muslu\u011fu<\/p>\n<p>firin turbo ozelligi mevcuttur<\/p>\n<p>izgara se\u00e7enekli<\/p>\n<p>davlumbaz dokunmatik ekran<\/p>\n<p>yuksek \u00e7ekim g\u00fcc\u00fc<\/p>\n<p>g\u00f6ztepe egitim mah gelip gorebilirsiniz<\/p>\n<p>nakliye kurulum konusunda ek \u00fccretli yard\u0131mc\u0131 olabilirim<\/p>\n<p>setin g\u00fcncel bayii fiyati 60bin tl civaridir<\/p>\n","protected":false},"featured_media":607,"template":"","meta":[],"product_brand":[],"product_cat":[30],"product_tag":[],"class_list":{"0":"post-606","1":"product","2":"type-product","3":"status-publish","4":"has-post-thumbnail","6":"product_cat-ikinci-el-beyaz-esya","8":"first","9":"instock","10":"sale","11":"shipping-taxable","12":"purchasable","13":"product-type-simple"},"_links":{"self":[{"href":"https:\/\/spotesya.com\/ikinciel\/wp-json\/wp\/v2\/product\/606","targetHints":{"allow":["GET"]}}],"collection":[{"href":"https:\/\/spotesya.com\/ikinciel\/wp-json\/wp\/v2\/product"}],"about":[{"href":"https:\/\/spotesya.com\/ikinciel\/wp-json\/wp\/v2\/types\/product"}],"wp:featuredmedia":[{"embeddable":true,"href":"https:\/\/spotesya.com\/ikinciel\/wp-json\/wp\/v2\/media\/607"}],"wp:attachment":[{"href":"https:\/\/spotesya.com\/ikinciel\/wp-json\/wp\/v2\/media?parent=606"}],"wp:term":[{"taxonomy":"product_brand","embeddable":true,"href":"https:\/\/spotesya.com\/ikinciel\/wp-json\/wp\/v2\/product_brand?post=606"},{"taxonomy":"product_cat","embeddable":true,"href":"https:\/\/spotesya.com\/ikinciel\/wp-json\/wp\/v2\/product_cat?post=606"},{"taxonomy":"product_tag","embeddable":true,"href":"https:\/\/spotesya.com\/ikinciel\/wp-json\/wp\/v2\/product_tag?post=606"}],"curies":[{"name":"wp","href":"https:\/\/api.w.org\/{rel}","templated":true}]}}